-8
Let q(k) = -k**3 - 3*k**2 + 4*k + 2. Let i(c) be the first derivative of -c**3/3 + c**2/2 + c - 7. Let g(n) = -2*i(n) + q(n). Calculate g(2).
-8
Let q(d) = 2*d**2 + 4*d. Let m be q(-3). Let s be 6/(-27) + (-83)/(-9). Suppose -m = 3*t - s. Let h(f) = 5*f**3 - f**2 - f + 1. Give h(t).
4
Let u(h) be the first derivative of 1/2*h**2 + 7 + 0*h + 1/4*h**4 + 4/3*h**3. What is u(-4)?
-4
Let b(u) be the first derivative of 3*u**2/2 + u - 98. Give b(1).
4
Suppose -1 = -o - 4. Let r(u) = 3*u**2 - 3*u - 6. Let z(b) = 11 - b**2 + 36*b - 4*b**2 - 30*b. Let v(y) = -7*r(y) - 4*z(y). Determine v(o).
-2
Let d(t) = t. Suppose -4*s + l = -125, 29 + 1 = s + l. Let u = s - 1. Let x be (-94)/u + (-2)/(-15). Determine d(x).
-3
Suppose -3*s + 3 = -2*k - 3, 4*s - 4*k = 8. Let j(a) = -2*a**2 + 0*a**s + 1 - 3 + 6. Determine j(-3).
-14
Suppose 0*w + 53 = 5*j + 3*w, 3*j - 2*w = 28. Suppose -j = 3*g + 5. Let v be 10/g*(2 - 0). Let u(y) = y. Calculate u(v).
-4
Let h(b) be the third derivative of 0 - 1/6*b**4 + 0*b - 1/60*b**5 + 2*b**2 - 1/3*b**3. Let i = 4 + -9. Calculate h(i).
-7
Suppose -3*c = -1 - 8. Let k(v) = 5*v**3 - 5*v**2 - 7*v - 1. Let n(z) = 4*z**3 - 4*z**2 - 6*z. Let a(h) = c*k(h) - 4*n(h). Give a(2).
-1
Suppose -r - 3*r - 32 = -4*k, 8 = -4*k - 4*r. Let u be 4/6 - 30/(-9). Suppose -k*p = 11 + u. Let g(c) = c**2 + 4*c - 1. What is g(p)?
4
Let l(r) = r**2 - 4*r + 3. Suppose -x = 3*j - j - 4, -4 = j + 2*x. Suppose 10 = -2*f + j*f. Calculate l(f).
8
Let a(i) = 3*i**2 + i - 2. Let z be ((-9)/6)/(2/(-4)). Suppose f + 4 = z*f. What is a(f)?
12
Let l(k) be the third derivative of 0 - 28*k**2 + 0*k**3 + 0*k + 1/24*k**4. Calculate l(5).
5
Let h(o) = -o**3 - o**2 - 5*o - 5. Suppose 4*t - 48 = 11*i - 0*t, -9 = 2*i - t. Calculate h(i).
63
Suppose 5*p - 6 = 3*p. Let u(w) = -p*w + w + 0*w + 2 - w. Calculate u(6).
-16
Suppose 5*l + 0*l = 0. Let p(c) = 0*c + l*c + 7*c**2 + 2 + c**3 + 9*c. What is p(-6)?
-16
Let q(r) = -3*r - 4 + 26731*r**2 + 7 - 26730*r**2. Let n be -2 - -1 - (2 - 0). Determine q(n).
21
Let h = -68 - -100. Let n(a) = 24*a**3 + h*a**3 - 63*a**3 - a. Determine n(-1).
8
Let u(k) be the second derivative of 3/2*k**2 + 0 + 1/12*k**4 - 5/6*k**3 + 4*k. Calculate u(4).
-1
Let a = 12 - 7. Suppose 10 - 50 = a*o. Let p = -3 - o. Let n(u) = -u**3 + 5*u**2 - u - 2. Determine n(p).
-7
Let l(d) = -40*d + 197. Let c be l(5). Let f(q) = q**3 + 5*q**2 + 6*q - 1. Calculate f(c).
-1
Let o(r) be the second derivative of 33*r**5/20 + r**4/6 - r**2/2 - 558*r. Calculate o(1).
34
Let m(h) = 105*h + 51. Let b(n) = 33*n + 17. Let r(t) = 19*b(t) - 6*m(t). What is r(6)?
-1
Let s = 11 - 9. Let i(z) = -8*z - 22. Let y(k) = 3*k + 10. Let v(q) = 4*i(q) + 9*y(q). What is v(s)?
-8
Suppose 33*j - 30*j = 0. Suppose j = -m + 7 - 12. Let w(o) be the second derivative of -o**3/6 - o**2/2 - o. Determine w(m).
4
Let u(c) = c**3 - 5*c**2 + 4*c - 5. Let f(z) = 2*z**2 + 18*z - 40. Let q be f(-11). Determine u(q).
-5
Suppose 122 + 85 = -23*z. Let s(m) = m**2 + 11*m - 5. Calculate s(z).
-23
Let j(p) = -1 + p**3 + p - 8*p**3 - p**2 + 0*p**2. Suppose 33 + 19 = 4*r. Suppose 0 = i + 4*y - r, i - 20 = -5*y - 4. What is j(i)?
-8
Let w(r) = -r**3 + 5*r**2 + 7*r - 5. Let h = -6 - -7. Let x be 1/h - (-20)/4. Determine w(x).
1
Let r(c) = -c**3 - 135 - 127 - c + 4*c**2 + 263. Suppose -k - k + 8 = 0. Calculate r(k).
-3
Let g(l) = -8*l**3 + 1. Let r = 10 - 27. Let k = 17 + r. Suppose k*x - 1 = x. Calculate g(x).
9
Let y be (-70)/(-25) - 7/(-35). Let n(t) = 4*t + 3. Calculate n(y).
15
Suppose -2*a = -3*x, -x = -3*x + 4*a - 8. Let r(d) = -2*d**2 - 4 - 7*d**2 - x*d + 10*d**2. Let w be (2/3)/(18/(-81)). What is r(w)?
11
Let o(y) be the first derivative of 0*y - 11 - y**2 - 2/3*y**3. Determine o(-2).
-4
Let q(f) = 4*f - 3. Let b(m) = -m**3 - 6*m**2 + 2*m + 9. Let x be b(-6). Let s be 0*(-6 - x)/(-3). Suppose 2*w + s*w - 8 = -2*h, -h - 6 = -4*w. What is q(w)?
5
Let l(b) = -b + 32. Let c(h) = -25*h + 100. Let k be c(4). Determine l(k).
32
Let p(y) = y**2. Let g(u) = u**3 + u**2 - 6*u + 8. Let m(c) = g(c) + 5*p(c). Let d = -190 - -183. Let s be m(d). Let b(q) = -9*q**2 - 2*q + 1. Calculate b(s).
-10
Let x(m) = m**3 + 9*m**2 + 8*m + 2. Suppose 2*b - 20 = 3*g, 12*g = 10*g - 5*b - 26. Give x(g).
2
Let c(h) = -h**3 + 4*h**2 + 7*h - 6. Let d = 1429 - 1425. Calculate c(d).
22
Let n be 12/(-20) - 8/(-960)*87. Let h(c) be the third derivative of -1/60*c**6 - 3*c**2 - 1/2*c**3 - n*c**4 - 1/20*c**5 + 0 + 0*c. Determine h(-2).
7
Let v(x) be the second derivative of x**5/20 - 7*x**4/12 + 7*x**3/6 - 5*x**2/2 + 2*x + 129. Suppose 25 - 7 = 3*q - 3*f, -4*f = 5*q - 30. What is v(q)?
1
Let x(p) be the first derivative of 7*p**4/2 - 4*p**3/3 + 3*p**2/2 + 18*p + 35. Let i(d) = -5*d**3 + 2*d**2 - d - 6. Let v(m) = -11*i(m) - 4*x(m). Give v(-6).
0
Let k(v) = 2*v**3 - 26*v**2 - 7*v - 36. Let g(r) = -r**3 + 12*r**2 + 3*r + 17. Let i(y) = -9*g(y) - 4*k(y). Give i(4).
-5
Suppose 2*w - 33 = -9. Let l be -6*8/18 - w/9. Let b(d) = -d**3 - 5*d**2 - 4*d - 1. Give b(l).
-1
Let p(b) be the third derivative of -b**4/8 + 7*b**3/6 - b**2 + 360. What is p(5)?
-8
Let q(o) be the third derivative of -o**4/24 - o**3/3 + 18*o**2 + 4*o. What is q(-12)?
10
Suppose -3*t - 3*l = 0, 2*t - 18 = 2*l + 2*l. Suppose -2*r = -t*k + 20, k = -k - r + 11. Suppose 3*o = -0*o + k. Let h(q) = -2*q - 2. Give h(o).
-6
Let x(q) = q**3 + q - 5. Let b(j) = -j**3 + j**2 - 2*j + 6. Let w(a) = 3*b(a) + 4*x(a). Let i = -6 - -6. Let u be -1*2 + -2 + i. Calculate w(u).
-10
Suppose 2*k - 16 = 2*i, -3*k = -i + 5*i + 4. Suppose 24 = 4*x + k. Let j(a) = a - 6. Calculate j(x).
-1
Let y(i) = -3*i**2 + 5*i + 4. Let x = -806 - -810. Calculate y(x).
-24
Suppose u = 1 + 5. Let m(s) = -4*s - 2. Let o be m(-2). Let j(x) = 4*x - 3*x**3 + x**3 - 4 + o*x**2 + x**3 - 2*x. Calculate j(u).
8
Let p(d) = 6 - 1 - 361*d + 360*d + 2. Determine p(11).
-4
Let r be (-15)/(-420)*(-28)/(-8). Let j(g) be the third derivative of 5*g**2 + 0 + 0*g - r*g**4 + 1/6*g**3. Calculate j(5).
-14
Let c(s) = 66*s - 201*s + 63*s + 5 + 64*s - s**3 + 7*s**2. What is c(6)?
-7
Let n be (-84)/(-35) - 2/5. Let t(y) = 5*y + 4*y**n - 2 - y**2 - 4*y**2. Suppose 7 - 4 = v. Calculate t(v).
4
Suppose -4*z - 16 = -3*j, -j + 0*j = 4*z. Let m(q) = -8*q + 2. Determine m(j).
-30
Let q(m) = -m**2 - 8*m + 7. Let x = -45 - -49. Suppose 7 = x*i + u + 41, 36 = -4*i - 2*u. Give q(i).
7
Suppose 12 = n + 2*n. Let g(m) = -3 + 0*m**2 + 0*m**2 + n*m - m**2. Let z be ((-2)/2)/(1/(-10)*2). What is g(z)?
-8
Let p(o) = o**3 + 4*o**2 + 3*o + 6. Let m be (-4)/(-14) - 552/(-28). Suppose 3*f + z + 49 = 4, -2*z = f + m. Let d = f - -10. What is p(d)?
-6
Let i(u) = 38*u + 3. Let b(j) = -17*j - 1. Let m(z) = -9*b(z) - 4*i(z). Suppose -2 = -3*r + l + 19, r = -2*l + 7. What is m(r)?
4
Suppose 17 = -5*c - 3. Let d(l) be the second derivative of l**6/720 + l**5/120 + 5*l**4/12 - 7*l. Let v(r) be the third derivative of d(r). Determine v(c).
-3
Let l(r) = r + 7. Let c be l(-7). Suppose -4*q - 4*b + b + 8 = c, -2*b + 10 = 5*q. Let n(g) = g - 3. Determine n(q).
-1
Let h(a) = -189 - 2*a - 197 - 7*a**2 + 387. Let o(w) = -8*w**2 - 3*w + 1. Let l(z) = 7*h(z) - 6*o(z). Calculate l(3).
4
Let d(m) = m**2 - 4*m. Let w be d(5). Suppose -1382 - 2212 = -6*k. Let j(g) = -1 + 6 - k*g + 598*g. Determine j(w).
0
Let d(z) = -11*z + 9*z - 433*z**2 + 4 + 434*z**2. Calculate d(-4).
28
Let n(g) be the second derivative of -g**5/20 + g**4/3 - g**3/6 - g**2 + 4*g. Let a be n(3). Suppose -a = -3*j + 8. Let d(x) = -x**2 + 4*x - 6. Give d(j).
-6
Let u(f) be the third derivative of -f**6/120 - f**5/5 - 5*f**4/12 - 5*f**3/6 - 134*f**2. Give u(-11).
-16
Suppose 0 = 4*b - 0*b - 112. Suppose 5*f + b = f. Let w be f/(-5) + 6/(-15). Let q(x) = -2*x**3 + x**2 - 2*x + 1. Determine q(w).
-2
Let d(l) = 3*l - 1. Suppose -5*h - r = -6*r - 55, -5*r + 49 = 3*h. Suppose -5*k + 4*n = -60, -5*k - 4*n + 15 = n. Suppose -k*m - 5 = -h*m. What is d(m)?
2
Suppose 0 = -0*n + 4*n + 2*c + 14, -3*c = n - 9. Let a(y) = y + 2. Let m(b) = -2*b - 4. Let z(t) = n*m(t) - 13*a(t). Determine z(-5).
3
Let g(j) = 2*j - 9. Let f be g(9). Suppose -u - 8*u - f = 0. Let h(q) be the first derivative of q**3/3 + q**2/2 - 1. What is h(u)?
0
Let n(v) be the first derivative of -v**3/3 - 7*v**2/2 - 2*v - 1. Let w(h) = 11*h - 161. Let m be w(14). G